9
List the prime factors of 15622.
2, 73, 107
List the prime factors of 36.
2, 3
List the prime factors of 979.
11, 89
What are the prime factors of 3555?
3, 5, 79
List the prime factors of 955.
5, 191
What are the prime factors of 4135?
5, 827
What are the prime factors of 459?
3, 17
List the prime factors of 2754.
2, 3, 17
What are the prime factors of 87378?
2, 3, 14563
List the prime factors of 3032.
2, 379
List the prime factors of 161.
7, 23
List the prime factors of 632.
2, 79
What are the prime factors of 4403?
7, 17, 37
What are the prime factors of 68062?
2, 34031
List the prime factors of 934.
2, 467
What are the prime factors of 9447?
3, 47, 67
What are the prime factors of 15848?
2, 7, 283
What are the prime factors of 14397?
3, 4799
What are the prime factors of 10216?
2, 1277
What are the prime factors of 2984?
2, 373
What are the prime factors of 25955?
5, 29, 179
List the prime factors of 115931.
115931
List the prime factors of 4534.
2, 2267
What are the prime factors of 39884?
2, 13, 59
List the prime factors of 1188.
2, 3, 11
What are the prime factors of 1992?
2, 3, 83
What are the prime factors of 1296?
2, 3
List the prime factors of 686.
2, 7
List the prime factors of 11486.
2, 5743
List the prime factors of 3355.
5, 11, 61
List the prime factors of 533.
13, 41
What are the prime factors of 977?
977
What are the prime factors of 65115?
3, 5, 1447
What are the prime factors of 1418?
2, 709
List the prime factors of 1346.
2, 673
What are the prime factors of 4001?
4001
What are the prime factors of 8463?
3, 7, 13, 31
List the prime factors of 37819.
59, 641
What are the prime factors of 29753?
29753
What are the prime factors of 7391?
19, 389
What are the prime factors of 2081?
2081
List the prime factors of 1279.
1279
What are the prime factors of 31681?
13, 2437
List the prime factors of 5585.
5, 1117
List the prime factors of 2371.
2371
What are the prime factors of 17478?
2, 3, 971
List the prime factors of 663.
3, 13, 17
List the prime factors of 612.
2, 3, 17
List the prime factors of 85311.
3, 9479
List the prime factors of 1930.
2, 5, 193
List the prime factors of 4325.
5, 173
List the prime factors of 3047.
11, 277
What are the prime factors of 28562?
2, 14281
List the prime factors of 573.
3, 191
List the prime factors of 1554.
2, 3, 7, 37
What are the prime factors of 1065?
3, 5, 71
List the prime factors of 3780.
2, 3, 5, 7
List the prime factors of 34187.
17, 2011
What are the prime factors of 493?
17, 29
What are the prime factors of 32015?
5, 19, 337
List the prime factors of 6295.
5, 1259
List the prime factors of 259.
7, 37
What are the prime factors of 146307?
3, 7, 6967
List the prime factors of 609.
3, 7, 29
List the prime factors of 4728.
2, 3, 197
What are the prime factors of 35872?
2, 19, 59
List the prime factors of 261.
3, 29
List the prime factors of 1513.
17, 89
List the prime factors of 1725.
3, 5, 23
List the prime factors of 4448.
2, 139
List the prime factors of 30177.
3, 7, 479
List the prime factors of 79013.
11, 653
What are the prime factors of 29645?
5, 7, 11
What are the prime factors of 1894?
2, 947
List the prime factors of 1452.
2, 3, 11
List the prime factors of 9473.
9473
List the prime factors of 8701.
7, 11, 113
What are the prime factors of 2115?
3, 5, 47
What are the prime factors of 58018?
2, 29009
What are the prime factors of 1557?
3, 173
List the prime factors of 7388.
2, 1847
What are the prime factors of 110616?
2, 3, 11, 419
What are the prime factors of 6201?
3, 13, 53
What are the prime factors of 10288?
2, 643
What are the prime factors of 66693?
3, 11, 43, 47
What are the prime factors of 541?
541
What are the prime factors of 1111?
11, 101
List the prime factors of 3538.
2, 29, 61
List the prime factors of 4992.
2, 3, 13
What are the prime factors of 23000?
2, 5, 23
What are the prime factors of 15933?
3, 47, 113
What are the prime factors of 3236?
2, 809
What are the prime factors of 13624?
2, 13, 131
What are the prime factors of 10269?
3, 7, 163
List the prime factors of 3189.
3, 1063
List the prime factors of 15666.
2, 3, 7, 373
What are the prime factors of 575?
5, 23
List the prime factors of 1041.
3, 347
List the prime factors of 101535.
3, 5, 7, 967
List the prime factors of 7650.
2, 3, 5, 17
List the prime factors of 8129.
11, 739
What are the prime factors of 41284?
2, 10321
What are the prime factors of 45586?
2, 23, 991
List the prime factors of 69326.
2, 17, 2039
List the prime factors of 2381.
2381
What are the prime factors of 36053?
31, 1163
List the prime factors of 11416.
2, 1427
List the prime factors of 6787.
11, 617
What are the prime factors of 1230?
2, 3, 5, 41
List the prime factors of 16610.
2, 5, 11, 151
What are the prime factors of 429?
3, 11, 13
List the prime factors of 15461.
15461
What are the prime factors of 1139?
17, 67
What are the prime factors of 45579?
3, 15193
List the prime factors of 4584.
2, 3, 191
List the prime factors of 15086.
2, 19, 397
What are the prime factors of 60448?
2, 1889
What are the prime factors of 716?
2, 179
List the prime factors of 3419.
13, 263
List the prime factors of 724.
2, 181
What are the prime factors of 712?
2, 89
List the prime factors of 688.
2, 43
What are the prime factors of 2584?
2, 17, 19
What are the prime factors of 208?
2, 13
What are the prime factors of 131257?
7, 17, 1103
What are the prime factors of 32935?
5, 7, 941
What are the prime factors of 132676?
2, 41, 809
List the prime factors of 1913.
1913
What are the prime factors of 1865?
5, 373
List the prime factors of 228.
2, 3, 19
List the prime factors of 3529.
3529
What are the prime factors of 1263?
3, 421
What are the prime factors of 20426?
2, 7, 1459
List the prime factors of 378.
2, 3, 7
List the prime factors of 6001.
17, 353
List the prime factors of 458.
2, 229
What are the prime factors of 5560?
2, 5, 139
List the prime factors of 158.
2, 79
List the prime factors of 16230.
2, 3, 5, 541
What are the prime factors of 4681?
31, 151
What are the prime factors of 174?
2, 3, 29
What are the prime factors of 150361?
53, 2837
List the prime factors of 3577.
7, 73
What are the prime factors of 2397?
3, 17, 47
What are the prime factors of 2612?
2, 653
List the prime factors of 2935.
5, 587
List the prime factors of 73804.
2, 18451
List the prime factors of 55280.
2, 5, 691
What are the prime factors of 24338?
2, 43, 283
What are the prime factors of 12683?
11, 1153
List the prime factors of 12467.
7, 13, 137
List the prime factors of 4415.
5, 883
What are the prime factors of 155263?
139, 1117
List the prime factors of 24562.
2, 12281
List the prime factors of 53853.
3, 29, 619
What are the prime factors of 13786?
2, 61, 113
What are the prime factors of 69433?
7, 13, 109
What are the prime factors of 348?
2, 3, 29
List the prime factors of 2061.
3, 229
What are the prime factors of 3790?
2, 5, 379
What are the prime factors of 176?
2, 11
What are the prime factors of 182?
2, 7, 13
List the prime factors of 330.
2, 3, 5, 11
List the prime factors of 34605.
3, 5, 769
What are the prime factors of 149077?
149077
What are the prime factors of 1901?
1901
List the prime factors of 22843.
53, 431
List the prime factors of 22396.
2, 11, 509
List the prime factors of 4972.
2, 11, 113
List the prime factors of 9735.
3, 5, 11, 59
What are the prime factors of 857?
857
List the prime factors of 12941.
12941
What are the prime factors of 5838?
2, 3, 7, 139
What are the prime factors of 50796?
2, 3, 17, 83
List the prime factors of 815.
5, 163
What are the prime factors of 103057?
257, 401
List the prime factors of 3942.
2, 3, 73
List the prime factors of 572.
2, 11, 13
What are the prime factors of 151915?
5, 23, 1321
List the prime factors of 1987.
1987
List the prime factors of 78957.
3, 31, 283
What are the prime factors of 24862?
2, 31, 401
What are the prime factors of 3459?
3, 1153
What are the prime factors of 58554?
2, 3, 3253
List the prime factors of 4120.
2, 5, 103
What are the prime factors of 25646?
2, 12823
List the prime factors of 7017.
3, 2339
What are the prime factors of 8756?
2, 11, 199
What are the prime factors of 424?
2, 53
What are the prime factors of 16486?
2, 8243
List the prime factors of 1661.
11, 151
L